{"id":1249,"date":"2020-09-01T10:19:34","date_gmt":"2020-09-01T10:19:34","guid":{"rendered":"http:\/\/schule-glonn.de\/?page_id=1249"},"modified":"2020-09-01T10:21:04","modified_gmt":"2020-09-01T10:21:04","slug":"fit4future","status":"publish","type":"page","link":"https:\/\/schule-glonn.de\/?page_id=1249","title":{"rendered":"fit4future"},"content":{"rendered":"<p>&nbsp;<\/p>\n<p><span style=\"font-family: Arial, serif;\"><span style=\"font-size: medium;\">Viel Bewegung, gute Ern\u00e4hrung, eine stressfreie und positive Lernatmosph\u00e4re \u2013 das w\u00fcnschen sich die Lehrkr\u00e4fte der Grundschule Glonn f\u00fcr ihre Sch\u00fcler. <\/span><\/span><\/p>\n<p><span style=\"font-family: Arial, serif;\"><span style=\"font-size: medium;\">Deshalb hat sich die Schule um die Teilnahme am Projekt \u201efit4future\u201c beworben und wird nun als eine von derzeit 1500 Schulen in Deutschland gef\u00f6rdert. <\/span><\/span><\/p>\n<p><span style=\"font-family: Arial, serif;\"><span style=\"font-size: medium;\">Fit4future ist eine gemeinsame Initiative f\u00fcr gesunde Schulen von DAK-Gesundheit und der Cleven-Stiftung und l\u00e4uft \u00fcber einen Zeitraum von drei Jahren. Schirmherr ist der Bundesgesundheitsminister. Die Module \u201eBewegung, Ern\u00e4hrung und Brainfitness\u201c helfen den Partnerschulen in ihrem Bem\u00fchen, die Lebensgewohnheiten ihrer Sch\u00fcler nachhaltig positiv zu beeinflussen. Dazu unterst\u00fctzt das Modul \u201eVerh\u00e4ltnispr\u00e4vention\u201c die Schulen bei der Umsetzung des Leitbilds \u201eGesunde Schule\u201c und f\u00f6rdert auch die Gesundheit der Lehrkr\u00e4fte. Das Programm gibt jungen Menschen die Chance, physisch und psychisch fit zu werden und wird von der TU M\u00fcnchen evaluiert. Die Teilnahme am \u201efit4future\u201c-Programm ist f\u00fcr die Schulen kostenlos. <\/span><\/span><\/p>\n<p><span style=\"font-family: Arial, serif;\"><span style=\"font-size: medium;\">Es gibt eine Menge tolles Material wie zum Beispiel eine Spieletonne mit 20 verschiedenen p\u00e4dagogisch wertvollen Spiel- und Sport-Utensilien, eine Brainfitness-Box mit vielf\u00e4ltigen Spiel- und Unterrichtsmaterialien, au\u00dferdem Workshops f\u00fcr die Lehrkr\u00e4fte.\u00a0\u00a0<\/span><\/span><\/p>\n<p>&nbsp;<\/p>\n","protected":false},"excerpt":{"rendered":"<p>&nbsp; Viel Bewegung, gute Ern\u00e4hrung, eine stressfreie und positive Lernatmosph\u00e4re \u2013 das w\u00fcnschen sich die Lehrkr\u00e4fte der Grundschule Glonn f\u00fcr ihre Sch\u00fcler. Deshalb hat sich die Schule um die Teilnahme am Projekt \u201efit4future\u201c beworben und wird nun als eine von derzeit 1500 Schulen in Deutschland gef\u00f6rdert. Fit4future ist eine gemeinsame Initiative f\u00fcr gesunde Schulen von DAK-Gesundheit und der Cleven-Stiftung und<\/p>\n","protected":false},"author":2,"featured_media":0,"parent":1238,"menu_order":0,"comment_status":"closed","ping_status":"closed","template":"","meta":{"footnotes":""},"_links":{"self":[{"href":"https:\/\/schule-glonn.de\/index.php?rest_route=\/wp\/v2\/pages\/1249"}],"collection":[{"href":"https:\/\/schule-glonn.de\/index.php?rest_route=\/wp\/v2\/pages"}],"about":[{"href":"https:\/\/schule-glonn.de\/index.php?rest_route=\/wp\/v2\/types\/page"}],"author":[{"embeddable":true,"href":"https:\/\/schule-glonn.de\/index.php?rest_route=\/wp\/v2\/users\/2"}],"replies":[{"embeddable":true,"href":"https:\/\/schule-glonn.de\/index.php?rest_route=%2Fwp%2Fv2%2Fcomments&post=1249"}],"version-history":[{"count":3,"href":"https:\/\/schule-glonn.de\/index.php?rest_route=\/wp\/v2\/pages\/1249\/revisions"}],"predecessor-version":[{"id":1252,"href":"https:\/\/schule-glonn.de\/index.php?rest_route=\/wp\/v2\/pages\/1249\/revisions\/1252"}],"up":[{"embeddable":true,"href":"https:\/\/schule-glonn.de\/index.php?rest_route=\/wp\/v2\/pages\/1238"}],"wp:attachment":[{"href":"https:\/\/schule-glonn.de\/index.php?rest_route=%2Fwp%2Fv2%2Fmedia&parent=1249"}],"curies":[{"name":"wp","href":"https:\/\/api.w.org\/{rel}","templated":true}]}}