{"id":1471,"date":"2021-12-08T12:15:49","date_gmt":"2021-12-08T12:15:49","guid":{"rendered":"http:\/\/schule-glonn.de\/?page_id=1471"},"modified":"2024-01-22T11:29:08","modified_gmt":"2024-01-22T11:29:08","slug":"informationen-zum-uebertritt","status":"publish","type":"page","link":"https:\/\/schule-glonn.de\/?page_id=1471","title":{"rendered":"Informationen zum \u00dcbertritt"},"content":{"rendered":"<p>Diese Information soll die Gelegenheit geben, sich nochmals ausf\u00fchrlich \u00fcber die m\u00f6glichen Wege der Sch\u00fcler*innen nach der 4. Klasse zu informieren und enth\u00e4lt auch ganz konkrete Gedankenanst\u00f6\u00dfe, die bei der Schulwahl wichtig sein k\u00f6nnen.<\/p>\n<p><a href=\"http:\/\/schule-glonn.de\/wp-content\/uploads\/2022\/02\/STMUK_Das_bayerische_Schulsystem_2022_Digitaler_Versand_Kopie.pdf\" data-wplink-edit=\"true\">STMUK_Das_bayerische_Schulsystem_2022_Digitaler_Versand_(Kopie)<\/a><\/p>\n<p><a href=\"http:\/\/schule-glonn.de\/wp-content\/uploads\/2022\/02\/STMUK_Die_bayerische_Grundschule.pdf\">STMUK_Die_bayerische_Grundschule\u00a0<\/a><\/p>\n<p><a href=\"http:\/\/schule-glonn.de\/wp-content\/uploads\/2021\/12\/21_22-Ha\u0308ufig-gestellte-Fragen-zum-U\u0308bertritt-allgemein.pdf\">21_22 Ha\u0308ufig gestellte Fragen zum U\u0308bertritt allgemein<\/a><a href=\"https:\/\/schule-glonn.de\/wp-content\/uploads\/2024\/01\/Informationen-zu-zusaetzlichen-Beratungsgespraechen-zum-Uebertritt-fuer-Erziehungsberechtigte.pdf\">Informationen-zu-zusaetzlichen-Beratungsgespraechen-zum-Uebertritt-fuer-Erziehungsberechtigte<\/a><\/p>\n<p><a href=\"https:\/\/schule-glonn.de\/wp-content\/uploads\/2024\/01\/Informationen-zu-zusaetzlichen-Beratungsgespraechen-zum-Uebertritt-fuer-Erziehungsberechtigte.pdf\">Informationen-zu-zusaetzlichen-Beratungsgespraechen-zum-Uebertritt-fuer-Erziehungsberechtigte<\/a><\/p>\n\n\n<p><\/p>\n","protected":false},"excerpt":{"rendered":"<p>Diese Information soll die Gelegenheit geben, sich nochmals ausf\u00fchrlich \u00fcber die m\u00f6glichen Wege der Sch\u00fcler*innen nach der 4. Klasse zu informieren und enth\u00e4lt auch ganz konkrete Gedankenanst\u00f6\u00dfe, die bei der Schulwahl wichtig sein k\u00f6nnen. STMUK_Das_bayerische_Schulsystem_2022_Digitaler_Versand_(Kopie) STMUK_Die_bayerische_Grundschule\u00a0 21_22 Ha\u0308ufig gestellte Fragen zum U\u0308bertritt allgemeinInformationen-zu-zusaetzlichen-Beratungsgespraechen-zum-Uebertritt-fuer-Erziehungsberechtigte Informationen-zu-zusaetzlichen-Beratungsgespraechen-zum-Uebertritt-fuer-Erziehungsberechtigte<\/p>\n","protected":false},"author":2,"featured_media":0,"parent":116,"menu_order":0,"comment_status":"closed","ping_status":"closed","template":"","meta":{"footnotes":""},"_links":{"self":[{"href":"https:\/\/schule-glonn.de\/index.php?rest_route=\/wp\/v2\/pages\/1471"}],"collection":[{"href":"https:\/\/schule-glonn.de\/index.php?rest_route=\/wp\/v2\/pages"}],"about":[{"href":"https:\/\/schule-glonn.de\/index.php?rest_route=\/wp\/v2\/types\/page"}],"author":[{"embeddable":true,"href":"https:\/\/schule-glonn.de\/index.php?rest_route=\/wp\/v2\/users\/2"}],"replies":[{"embeddable":true,"href":"https:\/\/schule-glonn.de\/index.php?rest_route=%2Fwp%2Fv2%2Fcomments&post=1471"}],"version-history":[{"count":8,"href":"https:\/\/schule-glonn.de\/index.php?rest_route=\/wp\/v2\/pages\/1471\/revisions"}],"predecessor-version":[{"id":1662,"href":"https:\/\/schule-glonn.de\/index.php?rest_route=\/wp\/v2\/pages\/1471\/revisions\/1662"}],"up":[{"embeddable":true,"href":"https:\/\/schule-glonn.de\/index.php?rest_route=\/wp\/v2\/pages\/116"}],"wp:attachment":[{"href":"https:\/\/schule-glonn.de\/index.php?rest_route=%2Fwp%2Fv2%2Fmedia&parent=1471"}],"curies":[{"name":"wp","href":"https:\/\/api.w.org\/{rel}","templated":true}]}}