{"id":1524,"date":"2022-05-06T11:01:32","date_gmt":"2022-05-06T11:01:32","guid":{"rendered":"http:\/\/schule-glonn.de\/?page_id=1524"},"modified":"2022-05-06T11:18:21","modified_gmt":"2022-05-06T11:18:21","slug":"pausenverkauf-der-klassen-3c-und-4c-in-antholing","status":"publish","type":"page","link":"https:\/\/schule-glonn.de\/?page_id=1524","title":{"rendered":"Pausenverkauf der Klassen 3c und 4c in Antholing"},"content":{"rendered":"<p><strong>Sch\u00fcler und Sch\u00fclerinnen engagieren sich f\u00fcr ukrainische Kinder<\/strong><\/p>\n<p>&nbsp;<\/p>\n<p>Die dramatische Situation in der Ukraine und die Not der fl\u00fcchtenden Menschen besch\u00e4ftigte auch die Antholinger Sch\u00fcler und Sch\u00fclerinnen sehr.<\/p>\n<p>Deshalb griffen die Buben und M\u00e4dchen der 3. und 4. Klasse die Idee auf, durch den Verkauf von Muffins und selbst belegten Butter- und Frischk\u00e4sebroten Spendengelder einzusammeln, um diese gefl\u00fcchteten Kindern und Familien im Ebersberger Landkreis zukommen zu lassen.<\/p>\n<p>Mit wahrem Feuereifer gingen die Kinder ans Werk und zeigten gro\u00dfes Engagement bei der umfangreichen Planung ihres sozialen Projekts, sowie bei der Plakatgestaltung und praktischen Umsetzung in der Schule.<\/p>\n<p>An zwei Freitagen wurden in den Schulpausen an alle Sch\u00fcler und Sch\u00fclerinnen gegen eine freiwillige Spende fantasievoll verzierte Muffins und liebevoll mit Schnittlauch und Radieschen belegte Butter- und Frischk\u00e4sebrote verteilt.<\/p>\n<p>Ein gro\u00dfes Dankesch\u00f6n geb\u00fchrt neben den Antholinger Kindern auch den Eltern, die nicht nur eifrig Geld spendeten, sondern die Aktion tatkr\u00e4ftig mit selbst gebackenen Muffins, Broten und Butter aus eigener Produktion unterst\u00fctzten.<\/p>\n<p>Ein weiterer Dank gilt dem Weiterskirchner B\u00e4cker Korbinian Sch\u00e4rfl und der Glonnthaler Backkultur f\u00fcr ihre Brotspenden, sowie dem Glonner Edekamarkt, der f\u00fcr den Brotbelag Frischk\u00e4se und Schnittlauch stiftete.<\/p>\n<p>So konnte am Ende des Projekts ein Spendenbetrag von 479, 24 Euro erwirtschaftet werden.<\/p>\n<p>Allen beteiligten Sch\u00fclern und Sch\u00fclerinnen sowie Lehrerinnen hat die Aktion sehr gro\u00dfe Freude bereitet und das Gef\u00fchl geschenkt, einen kleinen Beitrag zur Linderung der Not der ukrainischen Fl\u00fcchtlinge zu leisten.<\/p>\n<p>Michaela Knappik, Tanja Sieber und Jeanette Schuler<\/p>\n<p><a href=\"http:\/\/schule-glonn.de\/wp-content\/uploads\/2022\/05\/Pausenverkauf-Antholing-e1651834874213.jpg\"><img loading=\"lazy\" decoding=\"async\" class=\"aligncenter size-medium wp-image-1525\" src=\"http:\/\/schule-glonn.de\/wp-content\/uploads\/2022\/05\/Pausenverkauf-Antholing-e1651834874213-300x225.jpg\" alt=\"\" width=\"300\" height=\"225\" srcset=\"https:\/\/schule-glonn.de\/wp-content\/uploads\/2022\/05\/Pausenverkauf-Antholing-e1651834874213-300x225.jpg 300w, https:\/\/schule-glonn.de\/wp-content\/uploads\/2022\/05\/Pausenverkauf-Antholing-e1651834874213-768x576.jpg 768w, https:\/\/schule-glonn.de\/wp-content\/uploads\/2022\/05\/Pausenverkauf-Antholing-e1651834874213-1024x768.jpg 1024w, https:\/\/schule-glonn.de\/wp-content\/uploads\/2022\/05\/Pausenverkauf-Antholing-e1651834874213.jpg 1387w\" sizes=\"(max-width: 300px) 100vw, 300px\" \/><\/a><\/p>\n","protected":false},"excerpt":{"rendered":"<p>Sch\u00fcler und Sch\u00fclerinnen engagieren sich f\u00fcr ukrainische Kinder &nbsp; Die dramatische Situation in der Ukraine und die Not der fl\u00fcchtenden Menschen besch\u00e4ftigte auch die Antholinger Sch\u00fcler und Sch\u00fclerinnen sehr. Deshalb griffen die Buben und M\u00e4dchen der 3. und 4. Klasse die Idee auf, durch den Verkauf von Muffins und selbst belegten Butter- und Frischk\u00e4sebroten Spendengelder einzusammeln, um diese gefl\u00fcchteten Kindern<\/p>\n","protected":false},"author":2,"featured_media":0,"parent":1520,"menu_order":2,"comment_status":"closed","ping_status":"closed","template":"","meta":{"footnotes":""},"_links":{"self":[{"href":"https:\/\/schule-glonn.de\/index.php?rest_route=\/wp\/v2\/pages\/1524"}],"collection":[{"href":"https:\/\/schule-glonn.de\/index.php?rest_route=\/wp\/v2\/pages"}],"about":[{"href":"https:\/\/schule-glonn.de\/index.php?rest_route=\/wp\/v2\/types\/page"}],"author":[{"embeddable":true,"href":"https:\/\/schule-glonn.de\/index.php?rest_route=\/wp\/v2\/users\/2"}],"replies":[{"embeddable":true,"href":"https:\/\/schule-glonn.de\/index.php?rest_route=%2Fwp%2Fv2%2Fcomments&post=1524"}],"version-history":[{"count":3,"href":"https:\/\/schule-glonn.de\/index.php?rest_route=\/wp\/v2\/pages\/1524\/revisions"}],"predecessor-version":[{"id":1536,"href":"https:\/\/schule-glonn.de\/index.php?rest_route=\/wp\/v2\/pages\/1524\/revisions\/1536"}],"up":[{"embeddable":true,"href":"https:\/\/schule-glonn.de\/index.php?rest_route=\/wp\/v2\/pages\/1520"}],"wp:attachment":[{"href":"https:\/\/schule-glonn.de\/index.php?rest_route=%2Fwp%2Fv2%2Fmedia&parent=1524"}],"curies":[{"name":"wp","href":"https:\/\/api.w.org\/{rel}","templated":true}]}}