{"id":1539,"date":"2022-05-06T11:20:08","date_gmt":"2022-05-06T11:20:08","guid":{"rendered":"http:\/\/schule-glonn.de\/?page_id=1539"},"modified":"2022-05-06T11:20:08","modified_gmt":"2022-05-06T11:20:08","slug":"kinder-bewegen-mit-einem-basketball-schnuppertraining-des-wsv","status":"publish","type":"page","link":"https:\/\/schule-glonn.de\/?page_id=1539","title":{"rendered":"Kinder bewegen mit einem Basketball-Schnuppertraining des WSV"},"content":{"rendered":"<p>Die Sch\u00fclerinnen der 5. Klassen der Glonner Mittelschule freuten sich schon lange auf ein Basketball-Training mit den Coaches Nik, Julia und Leo vom WSV Glonn. Am 1. April war es dann so weit: Mit einem Schlachtruf wurden die Kinder in der Schulturnhalle auf das Probetraining eingestimmt. Schnell ging es mit Dribbling\u00fcbungen und actionreichen Spielen weiter. Auch Grundlagen des Ballpassens und die richtige Handhaltung beim Korbleger wurden den Kindern spielerisch erkl\u00e4rt. Mit Begeisterung und viel Disziplin waren alle Sch\u00fcler bei der Sache, insbesondere beim abschlie\u00dfenden Spiel 5:5. Vielleicht konnte der ein oder andere seine Freude am Basketball entdecken und findet den Weg zum Vereinssport. Wir bedanken uns ganz herzlich bei den Trainern des WSV Glonn f\u00fcr diese abwechslungsreiche und super organisierte Sportstunde.<\/p>\n<p>Die Sportlehrerinnen Michaela Moser + Claudia Zetl<\/p>\n<p><a href=\"http:\/\/schule-glonn.de\/wp-content\/uploads\/2022\/05\/Basketball.jpg\"><img loading=\"lazy\" decoding=\"async\" class=\"aligncenter size-medium wp-image-1530\" src=\"http:\/\/schule-glonn.de\/wp-content\/uploads\/2022\/05\/Basketball-300x225.jpg\" alt=\"\" width=\"300\" height=\"225\" srcset=\"https:\/\/schule-glonn.de\/wp-content\/uploads\/2022\/05\/Basketball-300x225.jpg 300w, https:\/\/schule-glonn.de\/wp-content\/uploads\/2022\/05\/Basketball-768x576.jpg 768w, https:\/\/schule-glonn.de\/wp-content\/uploads\/2022\/05\/Basketball-1024x768.jpg 1024w\" sizes=\"(max-width: 300px) 100vw, 300px\" \/><\/a><\/p>\n","protected":false},"excerpt":{"rendered":"<p>Die Sch\u00fclerinnen der 5. Klassen der Glonner Mittelschule freuten sich schon lange auf ein Basketball-Training mit den Coaches Nik, Julia und Leo vom WSV Glonn. Am 1. April war es dann so weit: Mit einem Schlachtruf wurden die Kinder in der Schulturnhalle auf das Probetraining eingestimmt. Schnell ging es mit Dribbling\u00fcbungen und actionreichen Spielen weiter. Auch Grundlagen des Ballpassens und<\/p>\n","protected":false},"author":2,"featured_media":0,"parent":1236,"menu_order":0,"comment_status":"closed","ping_status":"closed","template":"","meta":{"footnotes":""},"_links":{"self":[{"href":"https:\/\/schule-glonn.de\/index.php?rest_route=\/wp\/v2\/pages\/1539"}],"collection":[{"href":"https:\/\/schule-glonn.de\/index.php?rest_route=\/wp\/v2\/pages"}],"about":[{"href":"https:\/\/schule-glonn.de\/index.php?rest_route=\/wp\/v2\/types\/page"}],"author":[{"embeddable":true,"href":"https:\/\/schule-glonn.de\/index.php?rest_route=\/wp\/v2\/users\/2"}],"replies":[{"embeddable":true,"href":"https:\/\/schule-glonn.de\/index.php?rest_route=%2Fwp%2Fv2%2Fcomments&post=1539"}],"version-history":[{"count":1,"href":"https:\/\/schule-glonn.de\/index.php?rest_route=\/wp\/v2\/pages\/1539\/revisions"}],"predecessor-version":[{"id":1540,"href":"https:\/\/schule-glonn.de\/index.php?rest_route=\/wp\/v2\/pages\/1539\/revisions\/1540"}],"up":[{"embeddable":true,"href":"https:\/\/schule-glonn.de\/index.php?rest_route=\/wp\/v2\/pages\/1236"}],"wp:attachment":[{"href":"https:\/\/schule-glonn.de\/index.php?rest_route=%2Fwp%2Fv2%2Fmedia&parent=1539"}],"curies":[{"name":"wp","href":"https:\/\/api.w.org\/{rel}","templated":true}]}}