{"id":1688,"date":"2024-05-10T09:57:12","date_gmt":"2024-05-10T09:57:12","guid":{"rendered":"https:\/\/schule-glonn.de\/?page_id=1688"},"modified":"2024-05-10T09:57:12","modified_gmt":"2024-05-10T09:57:12","slug":"projekt-alltagskompetenzen-klasse-4c","status":"publish","type":"page","link":"https:\/\/schule-glonn.de\/?page_id=1688","title":{"rendered":"Projekt Alltagskompetenzen Klasse 4c"},"content":{"rendered":"\n<p><strong>Alltagskompetenzen?<\/strong><\/p>\n\n\n\n<p>Was hat sich die Regierung denn da ausgedacht, haben sich Lehrerinnen und Lehrer vor einigen Jahren gefragt. \u201eAlltagskompetenzen &#8211; Schule f\u00fcrs Leben\u201c, haben wir nicht schon genug Lerninhalte? Aber bei genauerem Hinsehen erwies es sich als tolle Erg\u00e4nzung zu Unterrichtsinhalten, die sowieso schon im Lehrplan verankert waren. Eine Woche Zeit, f\u00fcr Themen aus dem Alltag, die sehr praktisch anwendbar sind. Die Sch\u00fclerinnen und Sch\u00fcler lernen hier f\u00e4cher\u00fcbergreifend, lebensnah sowie anwendungsbezogen und erwerben wichtige Kompetenzen f\u00fcr den Alltag, so lautet die Vorgabe der Staatsregierung. Die m\u00f6glichen Themen sind sehr weit gef\u00e4chert.<\/p>\n\n\n\n<p>Die Kompetenzen, die sich die Klasse 4c aus Antholing aneignete, hatten sehr viel mit Umweltbewusstsein, plastikfreier Brotzeit und den Geschmacksnerven zu tun. Es wurde das Thema \u201eRegional und saisonal einkaufen und dabei auch Einwegplastik vermeiden\u201c theoretisch und praktisch beleuchtet.<\/p>\n\n\n\n<p>Zun\u00e4chst wurde im Internet recherchiert und Informationen gesammelt. Anschlie\u00dfend wurden Obst- und Gem\u00fcsesorten ausgew\u00e4hlt, die momentan aus der Region stammen. Ausger\u00fcstet mit Brotzeitboxen, Stofftaschen und kleinen Stoffbeuteln marschierten die Viertkl\u00e4ssler am n\u00e4chsten Tag zum nahegelegenen Hofladen in Netterndorf. Dort gab es Joghurt im Glas, direkt vom Hof, Brot, verschiedenste Obst- und Gem\u00fcsesorten, K\u00f6se, Eier, Wurst und uvm.. Am dritten Projekttag wurde daraus ein leckeres, regionales und saisonales Fr\u00fchst\u00fcck zubereitet und nat\u00fcrlich gemeinsam verspeist.<\/p>\n\n\n\n<p>Die drei Tage waren sehr abwechslungsreich und nebenbei wurden zu diesen Themen noch Quizfragen, f\u00fcr das kommende Schulfest, erstellt.<\/p>\n\n\n\n<p><\/p>\n\n\n\n<div class=\"wp-block-group is-nowrap is-layout-flex wp-container-core-group-layout-1 wp-block-group-is-layout-flex\">\n<figure class=\"wp-block-image size-large is-resized\"><a href=\"https:\/\/schule-glonn.de\/wp-content\/uploads\/2024\/05\/IMG_7935-scaled.jpg\"><img loading=\"lazy\" decoding=\"async\" width=\"1024\" height=\"768\" src=\"https:\/\/schule-glonn.de\/wp-content\/uploads\/2024\/05\/IMG_7935-1024x768.jpg\" alt=\"\" class=\"wp-image-1692\" style=\"width:356px;height:auto\" srcset=\"https:\/\/schule-glonn.de\/wp-content\/uploads\/2024\/05\/IMG_7935-1024x768.jpg 1024w, https:\/\/schule-glonn.de\/wp-content\/uploads\/2024\/05\/IMG_7935-300x225.jpg 300w, https:\/\/schule-glonn.de\/wp-content\/uploads\/2024\/05\/IMG_7935-768x576.jpg 768w, https:\/\/schule-glonn.de\/wp-content\/uploads\/2024\/05\/IMG_7935-1536x1153.jpg 1536w, https:\/\/schule-glonn.de\/wp-content\/uploads\/2024\/05\/IMG_7935-2048x1537.jpg 2048w\" sizes=\"(max-width: 1024px) 100vw, 1024px\" \/><\/a><\/figure>\n\n\n\n<figure class=\"wp-block-image size-large is-resized\"><a href=\"https:\/\/schule-glonn.de\/wp-content\/uploads\/2024\/05\/IMG_7923-scaled.jpg\"><img loading=\"lazy\" decoding=\"async\" width=\"1024\" height=\"1018\" src=\"https:\/\/schule-glonn.de\/wp-content\/uploads\/2024\/05\/IMG_7923-1024x1018.jpg\" alt=\"\" class=\"wp-image-1691\" style=\"width:351px;height:auto\" srcset=\"https:\/\/schule-glonn.de\/wp-content\/uploads\/2024\/05\/IMG_7923-1024x1018.jpg 1024w, https:\/\/schule-glonn.de\/wp-content\/uploads\/2024\/05\/IMG_7923-300x298.jpg 300w, https:\/\/schule-glonn.de\/wp-content\/uploads\/2024\/05\/IMG_7923-150x150.jpg 150w, https:\/\/schule-glonn.de\/wp-content\/uploads\/2024\/05\/IMG_7923-768x764.jpg 768w, https:\/\/schule-glonn.de\/wp-content\/uploads\/2024\/05\/IMG_7923-1536x1527.jpg 1536w, https:\/\/schule-glonn.de\/wp-content\/uploads\/2024\/05\/IMG_7923-2048x2037.jpg 2048w, https:\/\/schule-glonn.de\/wp-content\/uploads\/2024\/05\/IMG_7923-90x90.jpg 90w, https:\/\/schule-glonn.de\/wp-content\/uploads\/2024\/05\/IMG_7923-75x75.jpg 75w\" sizes=\"(max-width: 1024px) 100vw, 1024px\" \/><\/a><\/figure>\n<\/div>\n","protected":false},"excerpt":{"rendered":"<p>Alltagskompetenzen? Was hat sich die Regierung denn da ausgedacht, haben sich Lehrerinnen und Lehrer vor einigen Jahren gefragt. \u201eAlltagskompetenzen &#8211; Schule f\u00fcrs Leben\u201c, haben wir nicht schon genug Lerninhalte? Aber bei genauerem Hinsehen erwies es sich als tolle Erg\u00e4nzung zu Unterrichtsinhalten, die sowieso schon im Lehrplan verankert waren. Eine Woche Zeit, f\u00fcr Themen aus dem Alltag, die sehr praktisch anwendbar<\/p>\n","protected":false},"author":2,"featured_media":0,"parent":1238,"menu_order":8,"comment_status":"closed","ping_status":"closed","template":"","meta":{"footnotes":""},"_links":{"self":[{"href":"https:\/\/schule-glonn.de\/index.php?rest_route=\/wp\/v2\/pages\/1688"}],"collection":[{"href":"https:\/\/schule-glonn.de\/index.php?rest_route=\/wp\/v2\/pages"}],"about":[{"href":"https:\/\/schule-glonn.de\/index.php?rest_route=\/wp\/v2\/types\/page"}],"author":[{"embeddable":true,"href":"https:\/\/schule-glonn.de\/index.php?rest_route=\/wp\/v2\/users\/2"}],"replies":[{"embeddable":true,"href":"https:\/\/schule-glonn.de\/index.php?rest_route=%2Fwp%2Fv2%2Fcomments&post=1688"}],"version-history":[{"count":4,"href":"https:\/\/schule-glonn.de\/index.php?rest_route=\/wp\/v2\/pages\/1688\/revisions"}],"predecessor-version":[{"id":1694,"href":"https:\/\/schule-glonn.de\/index.php?rest_route=\/wp\/v2\/pages\/1688\/revisions\/1694"}],"up":[{"embeddable":true,"href":"https:\/\/schule-glonn.de\/index.php?rest_route=\/wp\/v2\/pages\/1238"}],"wp:attachment":[{"href":"https:\/\/schule-glonn.de\/index.php?rest_route=%2Fwp%2Fv2%2Fmedia&parent=1688"}],"curies":[{"name":"wp","href":"https:\/\/api.w.org\/{rel}","templated":true}]}}

<p><strong>Alltagskompetenzen?</strong></p>



<p>Was hat sich die Regierung denn da ausgedacht, haben sich Lehrerinnen und Lehrer vor einigen Jahren gefragt. „Alltagskompetenzen &#8211; Schule fürs Leben“, haben wir nicht schon genug Lerninhalte? Aber bei genauerem Hinsehen erwies es sich als tolle Ergänzung zu Unterrichtsinhalten, die sowieso schon im Lehrplan verankert waren. Eine Woche Zeit, für Themen aus dem Alltag, die sehr praktisch anwendbar sind. Die Schülerinnen und Schüler lernen hier fächerübergreifend, lebensnah sowie anwendungsbezogen und erwerben wichtige Kompetenzen für den Alltag, so lautet die Vorgabe der Staatsregierung. Die möglichen Themen sind sehr weit gefächert.</p>



<p>Die Kompetenzen, die sich die Klasse 4c aus Antholing aneignete, hatten sehr viel mit Umweltbewusstsein, plastikfreier Brotzeit und den Geschmacksnerven zu tun. Es wurde das Thema „Regional und saisonal einkaufen und dabei auch Einwegplastik vermeiden“ theoretisch und praktisch beleuchtet.</p>



<p>Zunächst wurde im Internet recherchiert und Informationen gesammelt. Anschließend wurden Obst- und Gemüsesorten ausgewählt, die momentan aus der Region stammen. Ausgerüstet mit Brotzeitboxen, Stofftaschen und kleinen Stoffbeuteln marschierten die Viertklässler am nächsten Tag zum nahegelegenen Hofladen in Netterndorf. Dort gab es Joghurt im Glas, direkt vom Hof, Brot, verschiedenste Obst- und Gemüsesorten, Köse, Eier, Wurst und uvm.. Am dritten Projekttag wurde daraus ein leckeres, regionales und saisonales Frühstück zubereitet und natürlich gemeinsam verspeist.</p>



<p>Die drei Tage waren sehr abwechslungsreich und nebenbei wurden zu diesen Themen noch Quizfragen, für das kommende Schulfest, erstellt.</p>



<p></p>



<div class="wp-block-group is-nowrap is-layout-flex wp-container-core-group-layout-1 wp-block-group-is-layout-flex">
<figure class="wp-block-image size-large is-resized"><a href="https://schule-glonn.de/wp-content/uploads/2024/05/IMG_7935-scaled.jpg"><img loading="lazy" decoding="async" width="1024" height="768" src="https://schule-glonn.de/wp-content/uploads/2024/05/IMG_7935-1024x768.jpg" alt="" class="wp-image-1692" style="width:356px;height:auto" srcset="https://schule-glonn.de/wp-content/uploads/2024/05/IMG_7935-1024x768.jpg 1024w, https://schule-glonn.de/wp-content/uploads/2024/05/IMG_7935-300x225.jpg 300w, https://schule-glonn.de/wp-content/uploads/2024/05/IMG_7935-768x576.jpg 768w, https://schule-glonn.de/wp-content/uploads/2024/05/IMG_7935-1536x1153.jpg 1536w, https://schule-glonn.de/wp-content/uploads/2024/05/IMG_7935-2048x1537.jpg 2048w" sizes="(max-width: 1024px) 100vw, 1024px" /></a></figure>



<figure class="wp-block-image size-large is-resized"><a href="https://schule-glonn.de/wp-content/uploads/2024/05/IMG_7923-scaled.jpg"><img loading="lazy" decoding="async" width="1024" height="1018" src="https://schule-glonn.de/wp-content/uploads/2024/05/IMG_7923-1024x1018.jpg" alt="" class="wp-image-1691" style="width:351px;height:auto" srcset="https://schule-glonn.de/wp-content/uploads/2024/05/IMG_7923-1024x1018.jpg 1024w, https://schule-glonn.de/wp-content/uploads/2024/05/IMG_7923-300x298.jpg 300w, https://schule-glonn.de/wp-content/uploads/2024/05/IMG_7923-150x150.jpg 150w, https://schule-glonn.de/wp-content/uploads/2024/05/IMG_7923-768x764.jpg 768w, https://schule-glonn.de/wp-content/uploads/2024/05/IMG_7923-1536x1527.jpg 1536w, https://schule-glonn.de/wp-content/uploads/2024/05/IMG_7923-2048x2037.jpg 2048w, https://schule-glonn.de/wp-content/uploads/2024/05/IMG_7923-90x90.jpg 90w, https://schule-glonn.de/wp-content/uploads/2024/05/IMG_7923-75x75.jpg 75w" sizes="(max-width: 1024px) 100vw, 1024px" /></a></figure>
</div>

<p>Alltagskompetenzen? Was hat sich die Regierung denn da ausgedacht, haben sich Lehrerinnen und Lehrer vor einigen Jahren gefragt. „Alltagskompetenzen &#8211; Schule fürs Leben“, haben wir nicht schon genug Lerninhalte? Aber bei genauerem Hinsehen erwies es sich als tolle Ergänzung zu Unterrichtsinhalten, die sowieso schon im Lehrplan verankert waren. Eine Woche Zeit, für Themen aus dem Alltag, die sehr praktisch anwendbar</p>
