{"id":1705,"date":"2024-06-06T11:39:20","date_gmt":"2024-06-06T11:39:20","guid":{"rendered":"https:\/\/schule-glonn.de\/?page_id=1705"},"modified":"2024-06-06T11:41:39","modified_gmt":"2024-06-06T11:41:39","slug":"unsere-aktionen-als-klimaschule","status":"publish","type":"page","link":"https:\/\/schule-glonn.de\/?page_id=1705","title":{"rendered":"Unsere Aktionen als Klimaschule"},"content":{"rendered":"\n<p>Glonn goes green&nbsp; &#8211; A bisserl wos geht oiwei<\/p>\n\n\n\n<p>Seit einigen Jahren nennt sich die Grund- und Mittelschule Klimaschule. Mit vielen Aktionen versuchen wir diesem Titel gerecht zu werden.<\/p>\n\n\n\n<p>Am World Earth Day, dem 22.4.24, war der Startschuss f\u00fcr ein langfristiges Projekt. An deutschen Schulen und auch bei uns wird insgesamt sehr viel Papier verbraucht. Daher setzen wir uns das Ziel, weniger Kopien im Unterricht zu verwenden. Ganz konkret soll jede Klasse an einem Tag pro Woche ohne Kopien arbeiten. An diesem Tag kommen vermehrt Schulb\u00fccher, Arbeitshefte, Tablets und alternative Methoden zum Einsatz. Dies ist unser kleiner Beitrag um Energie, Wasser und Holz zu sparen. 2,2 Kilogramm Fichtenholz und ca. 100l Wasser braucht man zur Herstellung von rund einem Kilogramm Papier. F\u00fcr Recyclingpapier hingegen ben\u00f6tigt man ca. 15 l Wasser und 1,2 kg Altpapier.<\/p>\n\n\n\n<p>In der Woche vor unserem Schulfest bekamen Eltern, Sch\u00fcler und Sch\u00fclerinnen eine Challenge: Wie bereiten wir eine gesunde und verpackungsfreie Brotzeit zu? Fast alle Kinder kommen sowieso t\u00e4glich mit ihren Mehrwegboxen und wiederbef\u00fcllbaren Trinkflaschen. Kann man das noch verbessern? Tats\u00e4chlich konnten die Lehrerinnen und Lehrer beobachten, dass der gelbe Sack in dieser Woche fast leer blieb. Quetschies, Babybel und Co. blieben aus.<\/p>\n\n\n\n<p>Am Schulfest selbst verzichtete der Elternbeirat wie in den letzten Jahren auf Einweggeschirr. Alle Stationen der einzelnen Klassen standen unter dem Gedanken der Nachhaltigkeit und der Wiederverwendung, ganz im Sinne des Mottos \u201e Fit und m\u00fcllfrei durchs Schulleben\u201c.&nbsp; So entstand ein abwechslungsreiches Programm. Zum Beispiel wurde ein B\u00fccher- und Spieletausch angeboten sowie ein Barfu\u00dfpfad, ein sportlicher Wettbewerb mit alten Spielger\u00e4ten, Bastelideen, Quizstationen und vieles mehr.<\/p>\n\n\n\n<p><\/p>\n","protected":false},"excerpt":{"rendered":"<p>Glonn goes green&nbsp; &#8211; A bisserl wos geht oiwei Seit einigen Jahren nennt sich die Grund- und Mittelschule Klimaschule. Mit vielen Aktionen versuchen wir diesem Titel gerecht zu werden. Am World Earth Day, dem 22.4.24, war der Startschuss f\u00fcr ein langfristiges Projekt. An deutschen Schulen und auch bei uns wird insgesamt sehr viel Papier verbraucht. Daher setzen wir uns das<\/p>\n","protected":false},"author":2,"featured_media":0,"parent":36,"menu_order":0,"comment_status":"closed","ping_status":"closed","template":"","meta":{"footnotes":""},"_links":{"self":[{"href":"https:\/\/schule-glonn.de\/index.php?rest_route=\/wp\/v2\/pages\/1705"}],"collection":[{"href":"https:\/\/schule-glonn.de\/index.php?rest_route=\/wp\/v2\/pages"}],"about":[{"href":"https:\/\/schule-glonn.de\/index.php?rest_route=\/wp\/v2\/types\/page"}],"author":[{"embeddable":true,"href":"https:\/\/schule-glonn.de\/index.php?rest_route=\/wp\/v2\/users\/2"}],"replies":[{"embeddable":true,"href":"https:\/\/schule-glonn.de\/index.php?rest_route=%2Fwp%2Fv2%2Fcomments&post=1705"}],"version-history":[{"count":3,"href":"https:\/\/schule-glonn.de\/index.php?rest_route=\/wp\/v2\/pages\/1705\/revisions"}],"predecessor-version":[{"id":1708,"href":"https:\/\/schule-glonn.de\/index.php?rest_route=\/wp\/v2\/pages\/1705\/revisions\/1708"}],"up":[{"embeddable":true,"href":"https:\/\/schule-glonn.de\/index.php?rest_route=\/wp\/v2\/pages\/36"}],"wp:attachment":[{"href":"https:\/\/schule-glonn.de\/index.php?rest_route=%2Fwp%2Fv2%2Fmedia&parent=1705"}],"curies":[{"name":"wp","href":"https:\/\/api.w.org\/{rel}","templated":true}]}}