{"id":1712,"date":"2024-07-29T09:42:08","date_gmt":"2024-07-29T09:42:08","guid":{"rendered":"https:\/\/schule-glonn.de\/?page_id=1712"},"modified":"2024-07-29T09:42:08","modified_gmt":"2024-07-29T09:42:08","slug":"glonner-und-antholinger-grundschueler-schwimmen-mit-grosser-begeisterung","status":"publish","type":"page","link":"https:\/\/schule-glonn.de\/?page_id=1712","title":{"rendered":"Glonner und Antholinger Grundsch\u00fcler schwimmen mit gro\u00dfer Begeisterung"},"content":{"rendered":"\n<p>Die Sch\u00fcler der Grund- und Mittelschule Glonn und der Grundschule Antholing nahmen mit gro\u00dfem Einsatz und Begeisterung an der Abnahme der Schwimmabzeichen in Gold, Silber und Bronze sowie dem Seepferdchen teil.<\/p>\n\n\n\n<p>Unterst\u00fctzt von den Sport- und Schwimmlehrerinnen Anne- Kathrin F\u00fcrst, Christine Lang, Barbara Riedl und Jeanette Schuler stellten sich die insgesamt 121 Buben und M\u00e4dchen an zwei Unterrichtsvormittagen den Anforderungen des DLRG.<\/p>\n\n\n\n<p>Dabei erlangten 15 Kinder das Abzeichen in Gold, 36 Sch\u00fcler das Abzeichen in Silber und 50 Jungen und M\u00e4dchen das Abzeichen in Bronze. Die Abnahme der 20 Seepferdchen Pr\u00fcfungen erfolgte aufgrund der hohen Teilnehmerzahl bereits im Schwimmunterricht in den letzten Schulwochen.<\/p>\n\n\n\n<p>Mit der Freude an der Bewegung im Element Wasser und mit der beharrlichen Bereitschaft langfristig auf ein sportliches Ziel hinzutrainieren, bewiesen die Glonner Sch\u00fcler einmal mehr zu Recht eine Sport-Grundschule zu besuchen.<\/p>\n\n\n\n<p>Die strahlenden Kinderaugen und der Stolz in den Gesichtern der Glonner und Antholinger Buben und M\u00e4dchen am Ende der Pr\u00fcfungstage belohnten nicht nur die involvierten, mithelfenden Sch\u00fcler aus der 8. Klasse und Lehrkr\u00e4fte. Vielmehr best\u00e4tigte sich, dass Lernen an der Glonner Schule ganzheitlich mit Kopf, Herz und Hand unter dem Einsatz von gro\u00dfer Anstrengungsbereitschaft und viel Engagement von Sch\u00fclern und Lehrern an vielerlei Orten stattfinden kann, so eben auch in einer Schwimmhalle.<\/p>\n\n\n\n<p>Jeanette Schuler<\/p>\n\n\n\n<p><\/p>\n\n\n\n<figure class=\"wp-block-image size-large\"><a href=\"https:\/\/schule-glonn.de\/wp-content\/uploads\/2024\/07\/Foto-Schwimmabzeichen-2024-scaled.jpg\"><img loading=\"lazy\" decoding=\"async\" width=\"1024\" height=\"768\" src=\"https:\/\/schule-glonn.de\/wp-content\/uploads\/2024\/07\/Foto-Schwimmabzeichen-2024-1024x768.jpg\" alt=\"\" class=\"wp-image-1716\" srcset=\"https:\/\/schule-glonn.de\/wp-content\/uploads\/2024\/07\/Foto-Schwimmabzeichen-2024-1024x768.jpg 1024w, https:\/\/schule-glonn.de\/wp-content\/uploads\/2024\/07\/Foto-Schwimmabzeichen-2024-300x225.jpg 300w, https:\/\/schule-glonn.de\/wp-content\/uploads\/2024\/07\/Foto-Schwimmabzeichen-2024-768x576.jpg 768w, https:\/\/schule-glonn.de\/wp-content\/uploads\/2024\/07\/Foto-Schwimmabzeichen-2024-1536x1152.jpg 1536w, https:\/\/schule-glonn.de\/wp-content\/uploads\/2024\/07\/Foto-Schwimmabzeichen-2024-2048x1536.jpg 2048w\" sizes=\"(max-width: 1024px) 100vw, 1024px\" \/><\/a><\/figure>\n\n\n\n<p><\/p>\n","protected":false},"excerpt":{"rendered":"<p>Die Sch\u00fcler der Grund- und Mittelschule Glonn und der Grundschule Antholing nahmen mit gro\u00dfem Einsatz und Begeisterung an der Abnahme der Schwimmabzeichen in Gold, Silber und Bronze sowie dem Seepferdchen teil. Unterst\u00fctzt von den Sport- und Schwimmlehrerinnen Anne- Kathrin F\u00fcrst, Christine Lang, Barbara Riedl und Jeanette Schuler stellten sich die insgesamt 121 Buben und M\u00e4dchen an zwei Unterrichtsvormittagen den Anforderungen<\/p>\n","protected":false},"author":2,"featured_media":0,"parent":1238,"menu_order":0,"comment_status":"closed","ping_status":"closed","template":"","meta":{"footnotes":""},"_links":{"self":[{"href":"https:\/\/schule-glonn.de\/index.php?rest_route=\/wp\/v2\/pages\/1712"}],"collection":[{"href":"https:\/\/schule-glonn.de\/index.php?rest_route=\/wp\/v2\/pages"}],"about":[{"href":"https:\/\/schule-glonn.de\/index.php?rest_route=\/wp\/v2\/types\/page"}],"author":[{"embeddable":true,"href":"https:\/\/schule-glonn.de\/index.php?rest_route=\/wp\/v2\/users\/2"}],"replies":[{"embeddable":true,"href":"https:\/\/schule-glonn.de\/index.php?rest_route=%2Fwp%2Fv2%2Fcomments&post=1712"}],"version-history":[{"count":2,"href":"https:\/\/schule-glonn.de\/index.php?rest_route=\/wp\/v2\/pages\/1712\/revisions"}],"predecessor-version":[{"id":1717,"href":"https:\/\/schule-glonn.de\/index.php?rest_route=\/wp\/v2\/pages\/1712\/revisions\/1717"}],"up":[{"embeddable":true,"href":"https:\/\/schule-glonn.de\/index.php?rest_route=\/wp\/v2\/pages\/1238"}],"wp:attachment":[{"href":"https:\/\/schule-glonn.de\/index.php?rest_route=%2Fwp%2Fv2%2Fmedia&parent=1712"}],"curies":[{"name":"wp","href":"https:\/\/api.w.org\/{rel}","templated":true}]}}