{"id":1736,"date":"2024-10-18T06:09:35","date_gmt":"2024-10-18T06:09:35","guid":{"rendered":"https:\/\/schule-glonn.de\/?page_id=1736"},"modified":"2024-11-05T09:44:45","modified_gmt":"2024-11-05T09:44:45","slug":"eisbaer-dr-ping-und-die-stromfresser","status":"publish","type":"page","link":"https:\/\/schule-glonn.de\/?page_id=1736","title":{"rendered":"&#8222;Eisb\u00e4r, Dr. Ping und die Stromfresser&#8220;"},"content":{"rendered":"\n<p><strong>Ein Klima-Musical-Projekt an der GMS Glonn<\/strong><\/p>\n\n\n\n<p>Die Klasse 2b und 4a besch\u00e4ftigten sich dieses Schuljahr mit einem gro\u00dfen Klimaprojekt. Von Anfang M\u00e4rz bis Anfang Juli erarbeiteten, probten und sangen die Kinder beider Klassen das Musical \u201eEisb\u00e4r, Dr. Ping und die Freunde der Erde\u201c von Hans-J\u00fcrgen Netz und Reinhard Horn.<\/p>\n\n\n\n<p>In vielen anstrengenden Proben erlernten die Kinder spielerisch, wie wichtig es ist, Strom zu sparen. Zu diesem Thema wurden viele Lieder erarbeitet und gesungen, viele Szenen erprobt und gespielt und gemeinsam aus vorhandenen Materialien ein passendes B\u00fchnenbild entworfen und hergestellt. Die Vorgabe war, so viele Gegenst\u00e4nde des B\u00fchnenbilds aus in der Schule schon vorhandenen Materialien zu gestalten. Zum Beispiel n\u00e4hten die Sch\u00fcler selbst die Vorh\u00e4nge f\u00fcr die B\u00fchne aus vorhandenen Stoffen in der Schule. Auch ein K\u00fchlschrank brauchte das B\u00fchnenbild. Hier konnte ein alter ausrangierter K\u00fchlschrank hergenommen werden.<\/p>\n\n\n\n<p>Anfang Juli f\u00fchrten die zwei Klassen das Klimamusical vor der gesamten Schulgemeinschaft auf. Auch eine \u00f6ffentliche Auff\u00fchrung f\u00fcr die Eltern, Verwandten und Freunde gab es. Zu dieser Auff\u00fchrung wurden zus\u00e4tzlich der \u00f6rtliche Gemeinderat, die freiwillige Feuerwehr, das Hort-Team von Glonn, die \u00f6rtlichen Kinderg\u00e4rten, die Mitarbeiter des Glonner Bauhofs und der B\u00fcrgermeister mit handgeschriebenen Einladungen eingeladen. Die Auff\u00fchrungen dauerten jeweils 60 Minuten und waren ein voller Erfolg, den die Zuschauer mit begeistertem Applaus und stehenden Ovationen honorierten.<\/p>\n\n\n\n<p>Das Musical erz\u00e4hlt die Geschichte des Pinguins Dr. Ping und der Eisb\u00e4ren Lothar, wie sie versuchen die Menschen zum Stromsparen zu bringen, da sich die Erde immer mehr erw\u00e4rmt. Dabei begegnen sie Paula und Paul, die ihnen helfen die Stromfresser Volt, Watt und Ampere zu bek\u00e4mpfen. Die Vier entwickeln die Idee Lizenzen zum Abschalten an Alle zu verteilen und jagen die Stromfresser Windr\u00e4dchen pustend fort. Diese sollen fortan durch die Windr\u00e4der Wind f\u00fcr die alternativen Energiequellen erzeugen.<\/p>\n\n\n\n<figure class=\"wp-block-image size-full is-resized\"><a href=\"https:\/\/schule-glonn.de\/wp-content\/uploads\/2024\/10\/image-1.png\"><img loading=\"lazy\" decoding=\"async\" width=\"451\" height=\"338\" src=\"https:\/\/schule-glonn.de\/wp-content\/uploads\/2024\/10\/image-1.png\" alt=\"\" class=\"wp-image-1738\" style=\"width:866px;height:auto\" srcset=\"https:\/\/schule-glonn.de\/wp-content\/uploads\/2024\/10\/image-1.png 451w, https:\/\/schule-glonn.de\/wp-content\/uploads\/2024\/10\/image-1-300x225.png 300w\" sizes=\"(max-width: 451px) 100vw, 451px\" \/><\/a><\/figure>\n\n\n\n<p>Hier ein Link zum Video:<\/p>\n\n\n\n<p><a href=\"https:\/\/vimeo.com\/980084111\/9a1fbc60fb?share=copy\">https:\/\/vimeo.com\/980084111\/9a1fbc60fb?share=copy<\/a><\/p>\n","protected":false},"excerpt":{"rendered":"<p>Ein Klima-Musical-Projekt an der GMS Glonn Die Klasse 2b und 4a besch\u00e4ftigten sich dieses Schuljahr mit einem gro\u00dfen Klimaprojekt. Von Anfang M\u00e4rz bis Anfang Juli erarbeiteten, probten und sangen die Kinder beider Klassen das Musical \u201eEisb\u00e4r, Dr. Ping und die Freunde der Erde\u201c von Hans-J\u00fcrgen Netz und Reinhard Horn. In vielen anstrengenden Proben erlernten die Kinder spielerisch, wie wichtig es<\/p>\n","protected":false},"author":2,"featured_media":0,"parent":1238,"menu_order":-1,"comment_status":"closed","ping_status":"closed","template":"","meta":{"footnotes":""},"_links":{"self":[{"href":"https:\/\/schule-glonn.de\/index.php?rest_route=\/wp\/v2\/pages\/1736"}],"collection":[{"href":"https:\/\/schule-glonn.de\/index.php?rest_route=\/wp\/v2\/pages"}],"about":[{"href":"https:\/\/schule-glonn.de\/index.php?rest_route=\/wp\/v2\/types\/page"}],"author":[{"embeddable":true,"href":"https:\/\/schule-glonn.de\/index.php?rest_route=\/wp\/v2\/users\/2"}],"replies":[{"embeddable":true,"href":"https:\/\/schule-glonn.de\/index.php?rest_route=%2Fwp%2Fv2%2Fcomments&post=1736"}],"version-history":[{"count":1,"href":"https:\/\/schule-glonn.de\/index.php?rest_route=\/wp\/v2\/pages\/1736\/revisions"}],"predecessor-version":[{"id":1739,"href":"https:\/\/schule-glonn.de\/index.php?rest_route=\/wp\/v2\/pages\/1736\/revisions\/1739"}],"up":[{"embeddable":true,"href":"https:\/\/schule-glonn.de\/index.php?rest_route=\/wp\/v2\/pages\/1238"}],"wp:attachment":[{"href":"https:\/\/schule-glonn.de\/index.php?rest_route=%2Fwp%2Fv2%2Fmedia&parent=1736"}],"curies":[{"name":"wp","href":"https:\/\/api.w.org\/{rel}","templated":true}]}}