{"id":1777,"date":"2024-12-12T11:34:27","date_gmt":"2024-12-12T11:34:27","guid":{"rendered":"https:\/\/schule-glonn.de\/?page_id=1777"},"modified":"2024-12-12T11:34:27","modified_gmt":"2024-12-12T11:34:27","slug":"vorlesetag-am-15-11-2024-ein-tag-voller-geschichten-und-strahlender-gesichter","status":"publish","type":"page","link":"https:\/\/schule-glonn.de\/?page_id=1777","title":{"rendered":"Vorlesetag am 15.11.2024: Ein Tag voller Geschichten und strahlender Gesichter"},"content":{"rendered":"\n<p>Am 15. November 2024 war es wieder so weit: Der bundesweite Vorlesetag brachte Menschen zusammen, um die Freude am Lesen zu teilen. Besonders lebendig wurde dieses Motto an unserer Schule in Glonn umgesetzt.<\/p>\n\n\n\n<p>Schon am Morgen lag eine freudige Aufregung in der Luft. In der ersten&nbsp; Stunde wurden alle Sch\u00fcler durch die eigene Klassleitung auf den Vorlesetag eingestimmt. In der zweiten Stunde lasen dann die Lehrkr\u00e4fte ihren jeweiligen Partnerklassen vor. So trug beispielsweise die Lehrerin der 1a in der 5a und die Lehrerin der 5a in der 1a eine Geschichte vor. In der dritten Stunde lasen dann die F\u00fcnftkl\u00e4ssler den Erstkl\u00e4sslern vor. Die meisten von ihnen hatten B\u00fccher aus ihrer eigenen Grundschulzeit mitgebracht und freuten sich darauf diese den Kleinen vorlesen zu d\u00fcrfen. Mit leuchtenden Augen und auch etwas nerv\u00f6s nahmen die Grundsch\u00fcler ihre Pl\u00e4tze neben den Mittelsch\u00fclern ein, gespannt auf das, was sie erwartete. Die Gro\u00dfen lasen mit Begeisterung vor, erkl\u00e4rten unbekannte Begriffe und genossen ihre Rolle als Vorbilder. Sie strahlten vor Stolz, als sie sahen, wie aufmerksam ihre kleinen Zuh\u00f6rer ihnen an den Lippen hangen. Die Kleinen lauschten neugierig, lachten und fieberten mit den Helden der Geschichten mit.<\/p>\n\n\n\n<p>In den zweiten, dritten und vierten Klassen lief die dritte Stunde anders als bei den Erstkl\u00e4sslern ab: Abwechselnd lasen sich Mittelsch\u00fcler und Grundsch\u00fcler gegenseitig vor. Die Mittelsch\u00fcler fungierten aber auch hier als Vorbilder, halfen den Grundsch\u00fclern W\u00f6rter besser zu betonen, gaben Tipps zum fl\u00fcssigen Vorlesen und zeigten ihnen, wie durch kurze Pausen das Gelesene noch lebendiger gemacht werden kann.<\/p>\n\n\n\n<p>In der vierten Stunde fand dann in jeder Klasse die Nachbereitung durch die Klassleitung statt. Die Erlebnisse der Sch\u00fcler wurden reflektiert und Erfahrungen ausgetaucht.<\/p>\n\n\n\n<p>Die Lehrkr\u00e4fte waren sich einig: Der Vorlesetag war ein voller Erfolg. Solche Aktionen f\u00f6rdern nicht nur die Lesekompetenz, sondern auch die sozialen Bindungen zwischen den Altersgruppen. Es war wundervoll zu sehen, wie die Kleinen die Gro\u00dfen bewunderten und wie die Gro\u00dfen Verantwortung \u00fcbernahmen.<\/p>\n\n\n\n<p>Die Initiative hat gezeigt: Vorlesen verbindet \u2013 und bringt Kinder unterschiedlichen Alters ein St\u00fcck n\u00e4her zusammen. Alle Beteiligten freuen sich schon auf den n\u00e4chsten Vorlesetag, bei dem wieder gemeinsam in die Welt der Geschichten eingetaucht werden kann.<\/p>\n\n\n\n<p>(Text und Foto: Alina Ditterich)<\/p>\n","protected":false},"excerpt":{"rendered":"<p>Am 15. November 2024 war es wieder so weit: Der bundesweite Vorlesetag brachte Menschen zusammen, um die Freude am Lesen zu teilen. Besonders lebendig wurde dieses Motto an unserer Schule in Glonn umgesetzt. Schon am Morgen lag eine freudige Aufregung in der Luft. In der ersten&nbsp; Stunde wurden alle Sch\u00fcler durch die eigene Klassleitung auf den Vorlesetag eingestimmt. In der<\/p>\n","protected":false},"author":2,"featured_media":0,"parent":1238,"menu_order":0,"comment_status":"closed","ping_status":"closed","template":"","meta":{"footnotes":""},"_links":{"self":[{"href":"https:\/\/schule-glonn.de\/index.php?rest_route=\/wp\/v2\/pages\/1777"}],"collection":[{"href":"https:\/\/schule-glonn.de\/index.php?rest_route=\/wp\/v2\/pages"}],"about":[{"href":"https:\/\/schule-glonn.de\/index.php?rest_route=\/wp\/v2\/types\/page"}],"author":[{"embeddable":true,"href":"https:\/\/schule-glonn.de\/index.php?rest_route=\/wp\/v2\/users\/2"}],"replies":[{"embeddable":true,"href":"https:\/\/schule-glonn.de\/index.php?rest_route=%2Fwp%2Fv2%2Fcomments&post=1777"}],"version-history":[{"count":1,"href":"https:\/\/schule-glonn.de\/index.php?rest_route=\/wp\/v2\/pages\/1777\/revisions"}],"predecessor-version":[{"id":1778,"href":"https:\/\/schule-glonn.de\/index.php?rest_route=\/wp\/v2\/pages\/1777\/revisions\/1778"}],"up":[{"embeddable":true,"href":"https:\/\/schule-glonn.de\/index.php?rest_route=\/wp\/v2\/pages\/1238"}],"wp:attachment":[{"href":"https:\/\/schule-glonn.de\/index.php?rest_route=%2Fwp%2Fv2%2Fmedia&parent=1777"}],"curies":[{"name":"wp","href":"https:\/\/api.w.org\/{rel}","templated":true}]}}