{"id":1823,"date":"2025-08-01T09:44:38","date_gmt":"2025-08-01T09:44:38","guid":{"rendered":"https:\/\/schule-glonn.de\/?page_id=1823"},"modified":"2025-08-01T09:52:06","modified_gmt":"2025-08-01T09:52:06","slug":"basketball-schnuppertraining-an-der-grundschule-glonn-ein-sportlicher-vormittag-voller-spass-und-engagement","status":"publish","type":"page","link":"https:\/\/schule-glonn.de\/?page_id=1823","title":{"rendered":"Basketball-Schnuppertraining an der Grundschule Glonn: Ein sportlicher Vormittag voller Spa\u00df und Engagement"},"content":{"rendered":"\n<p>Am Mittwoch, 12.3.25 fand an der Grundschule Glonn ein aufregendes Basketball-Schnuppertraining f\u00fcr alle Kinder der ersten Klassen statt, bei dem die Sch\u00fclerinnen und Sch\u00fcler die M\u00f6glichkeit hatten, in die Welt des Basketballs einzutauchen. Die vier engagierten Trainer Nikolas Dominik, Kathi Podehl, Sofia Aneski und Michi Oberm\u00fcller sorgten daf\u00fcr, dass der Vormittag sowohl lehrreich als auch unterhaltsam war. Mit viel Geduld und Begeisterung f\u00fchrten sie die Kinder durch verschiedene \u00dcbungen und Spiele, die auf die Grundlagen des Basketballs abzielten.<\/p>\n\n\n\n<p>Das Training begann mit einfachen Aufw\u00e4rm\u00fcbungen, die den Kinder halfen, sich mit den Bewegungsabl\u00e4ufen vertraut zu machen. Danach folgten erste Dribbel\u00fcbungen, bei denen die jungen Sportler lernten, den Ball geschickt mit den H\u00e4nden zu kontrollieren. Auch die Koordination und das schnelle Reagieren standen im Mittelpunkt, als sie versuchten, den Ball geschickt an den Mitspielern vorbeizubringen.<br><br>Im n\u00e4chsten Schritt wurden die Kinder in den &#8222;perfekten&#8220; Wurf eingef\u00fchrt. Mit &#8222;Hausbauen&#8220; und &#8222;Keksdose&#8220; lernten die Kinder sehr bildlich, wie die Wurftechnik im Basketball aussehen sollte. Bei spannenden Wurfspielen konnten die Sch\u00fcler ihr neu erlerntes Wissen gleich anwenden und verbesserten durch die spielerische Herangehensweise ihre Technik.<br><br>Der H\u00f6hepunkt des Schnuppertrainings war sicherlich das Spiel zum Ende des Schnuppertrainings. Unter Anleitung der Trainer \u00fcbten die Kinder all das gerade neu Erlernte: das Dribbeln, das Zielen und Werfen aber auch das Agieren im Team. Mit jedem Wurf wuchs das Vertrauen in die eigenen F\u00e4higkeiten, und viele Kinder erzielten stolz ihren ersten Treffer.<br><br>Die Trainer, die allesamt mit viel Enthusiasmus und Geduld bei der Sache waren, konnten den jungen Sportlern nicht nur die Grundlagen des Basketballs n\u00e4herbringen, sondern auch ihre Freude an der Bewegung und am Teamgeist f\u00f6rdern. Es war ein sehr gelungener Vormittag, der nicht nur die sportliche Entwicklung der Kinder anregte, sondern auch den Gemeinschaftssinn innerhalb der Klasse st\u00e4rkte.<br><br>Das Basketball-Schnuppertraining an der Grundschule Glonn war ein voller Erfolg. Die Kinder zeigten gro\u00dfes Interesse und viel Engagement, und auch die Trainer waren begeistert von den Fortschritten, die die Kinder im Laufe des Vormittags machten. Es bleibt zu hoffen, dass dieser Tag einige junge Talente f\u00fcr den Basketballsport begeistern konnte und vielleicht sogar den Grundstein f\u00fcr eine zuk\u00fcnftige Vereinsmitgliedschaft gelegt hat.<\/p>\n\n\n\n<p>(Text: Alina Ditterich)<\/p>\n\n\n\n<p>Am Mittwoch, 12.3.25 fand an der Grundschule Glonn ein aufregendes Basketball-Schnuppertraining f\u00fcr alle Kinder der ersten Klassen statt, bei dem die Sch\u00fclerinnen und Sch\u00fcler die M\u00f6glichkeit hatten, in die Welt des Basketballs einzutauchen. Die vier engagierten Trainer Nikolas Dominik, Kathi Podehl, Sofia Aneski und Michi Oberm\u00fcller sorgten daf\u00fcr, dass der Vormittag sowohl lehrreich als auch unterhaltsam war. Mit viel Geduld und Begeisterung f\u00fchrten sie die Kinder durch verschiedene \u00dcbungen und Spiele, die auf die Grundlagen des Basketballs abzielten.<br><br><\/p>\n\n\n\n<p>Das Training begann mit einfachen Aufw\u00e4rm\u00fcbungen, die den Kinder halfen, sich mit den Bewegungsabl\u00e4ufen vertraut zu machen. Danach folgten erste Dribbel\u00fcbungen, bei denen die jungen Sportler lernten, den Ball geschickt mit den H\u00e4nden zu kontrollieren. Auch die Koordination und das schnelle Reagieren standen im Mittelpunkt, als sie versuchten, den Ball geschickt an den Mitspielern vorbeizubringen.<br><br>Im n\u00e4chsten Schritt wurden die Kinder in den &#8222;perfekten&#8220; Wurf eingef\u00fchrt. Mit &#8222;Hausbauen&#8220; und &#8222;Keksdose&#8220; lernten die Kinder sehr bildlich, wie die Wurftechnik im Basketball aussehen sollte. Bei spannenden Wurfspielen konnten die Sch\u00fcler ihr neu erlerntes Wissen gleich anwenden und verbesserten durch die spielerische Herangehensweise ihre Technik.<br><br>Der H\u00f6hepunkt des Schnuppertrainings war sicherlich das Spiel zum Ende<br>des Schnuppertrainings. Unter Anleitung der Trainer \u00fcbten die Kinder all<br>das gerade neu Erlernte: das Dribbeln, das Zielen und Werfen aber auch<br>das Agieren im Team. Mit jedem Wurf wuchs das Vertrauen in die eigenen<br>F\u00e4higkeiten, und viele Kinder erzielten stolz ihren ersten Treffer.<br><br>Der H\u00f6hepunkt des Schnuppertrainings war sicherlich das Wurfspiel. Unter Anleitung der Trainer \u00fcbten die Kinder das Zielen und Werfen auf den Korb. Mit jedem Wurf wuchs das Vertrauen in die eigenen F\u00e4higkeiten, und viele Kinder erzielten stolz ihren ersten Treffer.<br><br>Die Trainer, die allesamt mit viel Enthusiasmus und Geduld bei der Sache waren, konnten den jungen Sportlern nicht nur die Grundlagen des Basketballs n\u00e4herbringen, sondern auch ihre Freude an der Bewegung und am Teamgeist f\u00f6rdern. Es war ein sehr gelungener Vormittag, der nicht nur die sportliche Entwicklung der Kinder anregte, sondern auch den Gemeinschaftssinn innerhalb der Klasse st\u00e4rkte.<br><br>Das Basketball-Schnuppertraining an der Grundschule Glonn war ein voller Erfolg. Die Kinder zeigten gro\u00dfes Interesse und viel Engagement, und auch die Trainer waren begeistert von den Fortschritten, die die Kinder im Laufe des Vormittags machten. Es bleibt zu hoffen, dass dieser Tag einige junge Talente f\u00fcr den Basketballsport begeistern konnte und vielleicht sogar den Grundstein f\u00fcr eine zuk\u00fcnftige Vereinsmitgliedschaft gelegt hat.<\/p>\n\n\n\n<p>(Text: Alina Ditterich)<\/p>\n\n\n\n<figure class=\"wp-block-image size-large is-resized\"><a href=\"https:\/\/schule-glonn.de\/wp-content\/uploads\/2025\/08\/IMG_44201-scaled.jpeg\"><img loading=\"lazy\" decoding=\"async\" width=\"768\" height=\"1024\" src=\"https:\/\/schule-glonn.de\/wp-content\/uploads\/2025\/08\/IMG_44201-768x1024.jpeg\" alt=\"\" class=\"wp-image-1828\" style=\"width:239px;height:auto\" srcset=\"https:\/\/schule-glonn.de\/wp-content\/uploads\/2025\/08\/IMG_44201-768x1024.jpeg 768w, https:\/\/schule-glonn.de\/wp-content\/uploads\/2025\/08\/IMG_44201-225x300.jpeg 225w, https:\/\/schule-glonn.de\/wp-content\/uploads\/2025\/08\/IMG_44201-1152x1536.jpeg 1152w, https:\/\/schule-glonn.de\/wp-content\/uploads\/2025\/08\/IMG_44201-1536x2048.jpeg 1536w, https:\/\/schule-glonn.de\/wp-content\/uploads\/2025\/08\/IMG_44201-scaled.jpeg 1920w\" sizes=\"(max-width: 768px) 100vw, 768px\" \/><\/a><\/figure>\n\n\n\n<figure class=\"wp-block-image size-large is-resized\"><a href=\"https:\/\/schule-glonn.de\/wp-content\/uploads\/2025\/08\/IMG_44011.jpeg\"><img loading=\"lazy\" decoding=\"async\" width=\"768\" height=\"1024\" src=\"https:\/\/schule-glonn.de\/wp-content\/uploads\/2025\/08\/IMG_44011-768x1024.jpeg\" alt=\"\" class=\"wp-image-1827\" style=\"width:240px;height:auto\" srcset=\"https:\/\/schule-glonn.de\/wp-content\/uploads\/2025\/08\/IMG_44011-768x1023.jpeg 768w, https:\/\/schule-glonn.de\/wp-content\/uploads\/2025\/08\/IMG_44011-225x300.jpeg 225w, https:\/\/schule-glonn.de\/wp-content\/uploads\/2025\/08\/IMG_44011-1153x1536.jpeg 1153w, https:\/\/schule-glonn.de\/wp-content\/uploads\/2025\/08\/IMG_44011-1537x2048.jpeg 1537w, https:\/\/schule-glonn.de\/wp-content\/uploads\/2025\/08\/IMG_44011.jpeg 1576w\" sizes=\"(max-width: 768px) 100vw, 768px\" \/><\/a><\/figure>\n\n\n\n<div class=\"wp-block-group is-layout-constrained wp-block-group-is-layout-constrained\"><div class=\"wp-block-group__inner-container\">\n<figure class=\"wp-block-image size-large is-resized\"><a href=\"https:\/\/schule-glonn.de\/wp-content\/uploads\/2025\/08\/IMG_43801.jpeg\"><img loading=\"lazy\" decoding=\"async\" width=\"1024\" height=\"811\" src=\"https:\/\/schule-glonn.de\/wp-content\/uploads\/2025\/08\/IMG_43801-1024x811.jpeg\" alt=\"\" class=\"wp-image-1826\" style=\"width:258px;height:auto\" srcset=\"https:\/\/schule-glonn.de\/wp-content\/uploads\/2025\/08\/IMG_43801-1024x811.jpeg 1024w, https:\/\/schule-glonn.de\/wp-content\/uploads\/2025\/08\/IMG_43801-300x237.jpeg 300w, https:\/\/schule-glonn.de\/wp-content\/uploads\/2025\/08\/IMG_43801-768x608.jpeg 768w, https:\/\/schule-glonn.de\/wp-content\/uploads\/2025\/08\/IMG_43801-1536x1216.jpeg 1536w, https:\/\/schule-glonn.de\/wp-content\/uploads\/2025\/08\/IMG_43801.jpeg 1991w\" sizes=\"(max-width: 1024px) 100vw, 1024px\" \/><\/a><\/figure>\n<\/div><\/div>\n","protected":false},"excerpt":{"rendered":"<p>Am Mittwoch, 12.3.25 fand an der Grundschule Glonn ein aufregendes Basketball-Schnuppertraining f\u00fcr alle Kinder der ersten Klassen statt, bei dem die Sch\u00fclerinnen und Sch\u00fcler die M\u00f6glichkeit hatten, in die Welt des Basketballs einzutauchen. Die vier engagierten Trainer Nikolas Dominik, Kathi Podehl, Sofia Aneski und Michi Oberm\u00fcller sorgten daf\u00fcr, dass der Vormittag sowohl lehrreich als auch unterhaltsam war. Mit viel Geduld<\/p>\n","protected":false},"author":2,"featured_media":0,"parent":1238,"menu_order":0,"comment_status":"closed","ping_status":"closed","template":"","meta":{"footnotes":""},"_links":{"self":[{"href":"https:\/\/schule-glonn.de\/index.php?rest_route=\/wp\/v2\/pages\/1823"}],"collection":[{"href":"https:\/\/schule-glonn.de\/index.php?rest_route=\/wp\/v2\/pages"}],"about":[{"href":"https:\/\/schule-glonn.de\/index.php?rest_route=\/wp\/v2\/types\/page"}],"author":[{"embeddable":true,"href":"https:\/\/schule-glonn.de\/index.php?rest_route=\/wp\/v2\/users\/2"}],"replies":[{"embeddable":true,"href":"https:\/\/schule-glonn.de\/index.php?rest_route=%2Fwp%2Fv2%2Fcomments&post=1823"}],"version-history":[{"count":4,"href":"https:\/\/schule-glonn.de\/index.php?rest_route=\/wp\/v2\/pages\/1823\/revisions"}],"predecessor-version":[{"id":1832,"href":"https:\/\/schule-glonn.de\/index.php?rest_route=\/wp\/v2\/pages\/1823\/revisions\/1832"}],"up":[{"embeddable":true,"href":"https:\/\/schule-glonn.de\/index.php?rest_route=\/wp\/v2\/pages\/1238"}],"wp:attachment":[{"href":"https:\/\/schule-glonn.de\/index.php?rest_route=%2Fwp%2Fv2%2Fmedia&parent=1823"}],"curies":[{"name":"wp","href":"https:\/\/api.w.org\/{rel}","templated":true}]}}