{"id":1841,"date":"2025-10-24T09:04:11","date_gmt":"2025-10-24T09:04:11","guid":{"rendered":"https:\/\/schule-glonn.de\/?page_id=1841"},"modified":"2025-10-24T09:13:22","modified_gmt":"2025-10-24T09:13:22","slug":"schulausflug-zum-hofladen-schlacht","status":"publish","type":"page","link":"https:\/\/schule-glonn.de\/?page_id=1841","title":{"rendered":"Schulausflug zum Hofladen Schlacht"},"content":{"rendered":"\n<p>Am Freitag, 17.10.25 unternahmen die Klassen 2a und 2b der Grundschule Glonn einen spannenden Ausflug nach Schlacht. Fr\u00fch am Morgen machten sich die Sch\u00fclerinnen und Sch\u00fcler gemeinsam mit ihren Lehrerinnen mit dem Bus auf den Weg.<\/p>\n\n\n\n<p>Nach der Ankunft in Schlacht begann der Tag mit einer kleinen Wanderung durch die herbstliche Natur zur dort gelegenen Grotte Schlacht. Dort angekommen konnten die Kinder den Wald erkunden, spielen und ihrer Kreativit\u00e4t freien Lauf lassen. Aus Naturmaterialien wie \u00c4sten, Bl\u00e4ttern, Moos und Steinen entstanden fantasievolle kleine Bauwerke und Kunstwerke.<br><br><\/p>\n\n\n\n<p>Ein weiteres Highlight wartete im nahegelegenen Hofladen in Schlacht. Dort wurden die Kinder herzlich von&nbsp;Martina Sch\u00e4rfl&nbsp;empfangen, die ihnen eine spannende F\u00fchrung durch den Laden gab. Besonders interessant war es, verschiedenes Gem\u00fcse kennenzulernen und zu erfahren, wo es w\u00e4chst \u2013&nbsp;unter der Erde&nbsp;oder&nbsp;\u00fcber der Erde. Die Kinder durften dabei flei\u00dfig raten und bekamen sogar die M\u00f6glichkeit, einige Gem\u00fcsesorten direkt zu probieren.<\/p>\n\n\n\n<p>Zum Abschluss des Besuchs im Hofladen erhielt jedes Kind noch einen kleinen&nbsp;Obst- und Gem\u00fcsekorb&nbsp;als Geschenk &#8211; gef\u00fcllt mit frischen, gesunden Leckereien vom Hof, die von manchen schon auf dem Heimweg verspeist wurden.<\/p>\n\n\n\n<p>Es war ein wundersch\u00f6ner Tag, an den sich die Kinder sicher noch lange erinnern werden!<\/p>\n\n\n\n<p>(Text: Alina Ditterich<\/p>\n\n\n\n<p>Fotos: Eva Halmanseger und Alina Ditterich)<\/p>\n\n\n\n<p>Am Freitag, 17.10.25 unternahmen die Klassen 2a und 2b der Grundschule Glonn einen spannenden Ausflug nach Schlacht. Fr\u00fch am Morgen machten sich die Sch\u00fclerinnen und Sch\u00fcler gemeinsam mit ihren Lehrerinnen mit dem Bus auf den Weg.<\/p>\n\n\n\n<p>Nach der Ankunft in Schlacht begann der Tag mit einer kleinen Wanderung durch die herbstliche Natur zur dort gelegenen Grotte Schlacht. Dort angekommen konnten die Kinder den Wald erkunden, spielen und ihrer Kreativit\u00e4t freien Lauf lassen. Aus Naturmaterialien wie \u00c4sten, Bl\u00e4ttern, Moos und Steinen entstanden fantasievolle kleine Bauwerke und Kunstwerke.<br><br><\/p>\n\n\n\n<p>Ein weiteres Highlight wartete im nahegelegenen Hofladen in Schlacht. Dort wurden die Kinder herzlich von&nbsp;Martina Sch\u00e4rfl&nbsp;empfangen, die ihnen eine spannende F\u00fchrung durch den Laden gab. Besonders interessant war es, verschiedenes Gem\u00fcse kennenzulernen und zu erfahren, wo es w\u00e4chst \u2013&nbsp;unter der Erde&nbsp;oder&nbsp;\u00fcber der Erde. Die Kinder durften dabei flei\u00dfig raten und bekamen sogar die M\u00f6glichkeit, einige Gem\u00fcsesorten direkt zu probieren.<\/p>\n\n\n\n<p>Zum Abschluss des Besuchs im Hofladen erhielt jedes Kind noch einen kleinen&nbsp;Obst- und Gem\u00fcsekorb&nbsp;als Geschenk &#8211; gef\u00fcllt mit frischen, gesunden Leckereien vom Hof, die von manchen schon auf dem Heimweg verspeist wurden.<\/p>\n\n\n\n<p>Es war ein wundersch\u00f6ner Tag, an den sich die Kinder sicher noch lange erinnern werden!<\/p>\n\n\n\n<p>(Text: Alina Ditterich<\/p>\n\n\n\n<p>Fotos: Eva Halmanseger und Alina Ditterich)<\/p>\n\n\n\n<figure class=\"wp-block-image size-large\"><a href=\"https:\/\/schule-glonn.de\/wp-content\/uploads\/2025\/10\/Foto-3-Schlacht.jpg\"><img loading=\"lazy\" decoding=\"async\" width=\"1024\" height=\"461\" src=\"https:\/\/schule-glonn.de\/wp-content\/uploads\/2025\/10\/Foto-3-Schlacht-1024x461.jpg\" alt=\"\" class=\"wp-image-1844\" srcset=\"https:\/\/schule-glonn.de\/wp-content\/uploads\/2025\/10\/Foto-3-Schlacht-1024x461.jpg 1024w, https:\/\/schule-glonn.de\/wp-content\/uploads\/2025\/10\/Foto-3-Schlacht-300x135.jpg 300w, https:\/\/schule-glonn.de\/wp-content\/uploads\/2025\/10\/Foto-3-Schlacht-768x345.jpg 768w, https:\/\/schule-glonn.de\/wp-content\/uploads\/2025\/10\/Foto-3-Schlacht-1536x691.jpg 1536w, https:\/\/schule-glonn.de\/wp-content\/uploads\/2025\/10\/Foto-3-Schlacht-2048x921.jpg 2048w\" sizes=\"(max-width: 1024px) 100vw, 1024px\" \/><\/a><\/figure>\n","protected":false},"excerpt":{"rendered":"<p>Am Freitag, 17.10.25 unternahmen die Klassen 2a und 2b der Grundschule Glonn einen spannenden Ausflug nach Schlacht. Fr\u00fch am Morgen machten sich die Sch\u00fclerinnen und Sch\u00fcler gemeinsam mit ihren Lehrerinnen mit dem Bus auf den Weg. Nach der Ankunft in Schlacht begann der Tag mit einer kleinen Wanderung durch die herbstliche Natur zur dort gelegenen Grotte Schlacht. Dort angekommen konnten<\/p>\n","protected":false},"author":2,"featured_media":1843,"parent":0,"menu_order":1,"comment_status":"closed","ping_status":"closed","template":"","meta":{"footnotes":""},"_links":{"self":[{"href":"https:\/\/schule-glonn.de\/index.php?rest_route=\/wp\/v2\/pages\/1841"}],"collection":[{"href":"https:\/\/schule-glonn.de\/index.php?rest_route=\/wp\/v2\/pages"}],"about":[{"href":"https:\/\/schule-glonn.de\/index.php?rest_route=\/wp\/v2\/types\/page"}],"author":[{"embeddable":true,"href":"https:\/\/schule-glonn.de\/index.php?rest_route=\/wp\/v2\/users\/2"}],"replies":[{"embeddable":true,"href":"https:\/\/schule-glonn.de\/index.php?rest_route=%2Fwp%2Fv2%2Fcomments&post=1841"}],"version-history":[{"count":2,"href":"https:\/\/schule-glonn.de\/index.php?rest_route=\/wp\/v2\/pages\/1841\/revisions"}],"predecessor-version":[{"id":1846,"href":"https:\/\/schule-glonn.de\/index.php?rest_route=\/wp\/v2\/pages\/1841\/revisions\/1846"}],"wp:featuredmedia":[{"embeddable":true,"href":"https:\/\/schule-glonn.de\/index.php?rest_route=\/wp\/v2\/media\/1843"}],"wp:attachment":[{"href":"https:\/\/schule-glonn.de\/index.php?rest_route=%2Fwp%2Fv2%2Fmedia&parent=1841"}],"curies":[{"name":"wp","href":"https:\/\/api.w.org\/{rel}","templated":true}]}}

<p>Am Freitag, 17.10.25 unternahmen die Klassen 2a und 2b der Grundschule Glonn einen spannenden Ausflug nach Schlacht. Früh am Morgen machten sich die Schülerinnen und Schüler gemeinsam mit ihren Lehrerinnen mit dem Bus auf den Weg.</p>



<p>Nach der Ankunft in Schlacht begann der Tag mit einer kleinen Wanderung durch die herbstliche Natur zur dort gelegenen Grotte Schlacht. Dort angekommen konnten die Kinder den Wald erkunden, spielen und ihrer Kreativität freien Lauf lassen. Aus Naturmaterialien wie Ästen, Blättern, Moos und Steinen entstanden fantasievolle kleine Bauwerke und Kunstwerke.<br><br></p>



<p>Ein weiteres Highlight wartete im nahegelegenen Hofladen in Schlacht. Dort wurden die Kinder herzlich von&nbsp;Martina Schärfl&nbsp;empfangen, die ihnen eine spannende Führung durch den Laden gab. Besonders interessant war es, verschiedenes Gemüse kennenzulernen und zu erfahren, wo es wächst –&nbsp;unter der Erde&nbsp;oder&nbsp;über der Erde. Die Kinder durften dabei fleißig raten und bekamen sogar die Möglichkeit, einige Gemüsesorten direkt zu probieren.</p>



<p>Zum Abschluss des Besuchs im Hofladen erhielt jedes Kind noch einen kleinen&nbsp;Obst- und Gemüsekorb&nbsp;als Geschenk &#8211; gefüllt mit frischen, gesunden Leckereien vom Hof, die von manchen schon auf dem Heimweg verspeist wurden.</p>



<p>Es war ein wunderschöner Tag, an den sich die Kinder sicher noch lange erinnern werden!</p>



<p>(Text: Alina Ditterich</p>



<p>Fotos: Eva Halmanseger und Alina Ditterich)</p>



<p>Am Freitag, 17.10.25 unternahmen die Klassen 2a und 2b der Grundschule Glonn einen spannenden Ausflug nach Schlacht. Früh am Morgen machten sich die Schülerinnen und Schüler gemeinsam mit ihren Lehrerinnen mit dem Bus auf den Weg.</p>



<p>Nach der Ankunft in Schlacht begann der Tag mit einer kleinen Wanderung durch die herbstliche Natur zur dort gelegenen Grotte Schlacht. Dort angekommen konnten die Kinder den Wald erkunden, spielen und ihrer Kreativität freien Lauf lassen. Aus Naturmaterialien wie Ästen, Blättern, Moos und Steinen entstanden fantasievolle kleine Bauwerke und Kunstwerke.<br><br></p>



<p>Ein weiteres Highlight wartete im nahegelegenen Hofladen in Schlacht. Dort wurden die Kinder herzlich von&nbsp;Martina Schärfl&nbsp;empfangen, die ihnen eine spannende Führung durch den Laden gab. Besonders interessant war es, verschiedenes Gemüse kennenzulernen und zu erfahren, wo es wächst –&nbsp;unter der Erde&nbsp;oder&nbsp;über der Erde. Die Kinder durften dabei fleißig raten und bekamen sogar die Möglichkeit, einige Gemüsesorten direkt zu probieren.</p>



<p>Zum Abschluss des Besuchs im Hofladen erhielt jedes Kind noch einen kleinen&nbsp;Obst- und Gemüsekorb&nbsp;als Geschenk &#8211; gefüllt mit frischen, gesunden Leckereien vom Hof, die von manchen schon auf dem Heimweg verspeist wurden.</p>



<p>Es war ein wunderschöner Tag, an den sich die Kinder sicher noch lange erinnern werden!</p>



<p>(Text: Alina Ditterich</p>



<p>Fotos: Eva Halmanseger und Alina Ditterich)</p>



<figure class="wp-block-image size-large"><a href="https://schule-glonn.de/wp-content/uploads/2025/10/Foto-3-Schlacht.jpg"><img loading="lazy" decoding="async" width="1024" height="461" src="https://schule-glonn.de/wp-content/uploads/2025/10/Foto-3-Schlacht-1024x461.jpg" alt="" class="wp-image-1844" srcset="https://schule-glonn.de/wp-content/uploads/2025/10/Foto-3-Schlacht-1024x461.jpg 1024w, https://schule-glonn.de/wp-content/uploads/2025/10/Foto-3-Schlacht-300x135.jpg 300w, https://schule-glonn.de/wp-content/uploads/2025/10/Foto-3-Schlacht-768x345.jpg 768w, https://schule-glonn.de/wp-content/uploads/2025/10/Foto-3-Schlacht-1536x691.jpg 1536w, https://schule-glonn.de/wp-content/uploads/2025/10/Foto-3-Schlacht-2048x921.jpg 2048w" sizes="(max-width: 1024px) 100vw, 1024px" /></a></figure>

<p>Am Freitag, 17.10.25 unternahmen die Klassen 2a und 2b der Grundschule Glonn einen spannenden Ausflug nach Schlacht. Früh am Morgen machten sich die Schülerinnen und Schüler gemeinsam mit ihren Lehrerinnen mit dem Bus auf den Weg. Nach der Ankunft in Schlacht begann der Tag mit einer kleinen Wanderung durch die herbstliche Natur zur dort gelegenen Grotte Schlacht. Dort angekommen konnten</p>
