{"id":611,"date":"2017-10-31T13:18:50","date_gmt":"2017-10-31T13:18:50","guid":{"rendered":"http:\/\/schule-glonn.de\/?page_id=611"},"modified":"2022-05-06T10:53:42","modified_gmt":"2022-05-06T10:53:42","slug":"glonn-gehoert-zu-den-ebersbergerklimaschulen","status":"publish","type":"page","link":"https:\/\/schule-glonn.de\/?page_id=611","title":{"rendered":"Glonn geh\u00f6rt zu den EbersbergerKlimaSchulen"},"content":{"rendered":"<div align=\"justify\">\n<p>Wie kann ich mich klimasch\u00fctzend verhalten? Das ist das gro\u00dfe Thema der Ebersberger Klimaschulen. Auch die <strong>Grund- und Mittelschule Glonn ist eine Klimaschule<\/strong> und engagiert sich in vielseitigen Projekten f\u00fcr ein klimaschonendes Verhalten in Schule und Unterricht.<\/p>\n<p>Klimaschutz ist f\u00fcr uns alle ein wichtiges und nicht zu vernachl\u00e4ssigendes Thema \u2013 die Sch\u00fcler*innen der Grund- und Mittelschule Glonn haben dies in vielseitigen Projekten in den vergangenen Jahr erfahren und es sind weitere Projekte geplant, um den Weg des klimaschonenden Verhaltens noch zus\u00e4tzlich zu optimieren \u2013 die Auszeichnung ist hierf\u00fcr eine zus\u00e4tzliche Motivation!<\/p>\n<p>Judith Math\u00e4<\/p>\n<p>&nbsp;<\/p>\n<\/div>\n","protected":false},"excerpt":{"rendered":"<p>Wie kann ich mich klimasch\u00fctzend verhalten? Das ist das gro\u00dfe Thema der Ebersberger Klimaschulen. Auch die Grund- und Mittelschule Glonn ist eine Klimaschule und engagiert sich in vielseitigen Projekten f\u00fcr ein klimaschonendes Verhalten in Schule und Unterricht. Klimaschutz ist f\u00fcr uns alle ein wichtiges und nicht zu vernachl\u00e4ssigendes Thema \u2013 die Sch\u00fcler*innen der Grund- und Mittelschule Glonn haben dies in<\/p>\n","protected":false},"author":2,"featured_media":0,"parent":36,"menu_order":2,"comment_status":"closed","ping_status":"closed","template":"","meta":{"footnotes":""},"_links":{"self":[{"href":"https:\/\/schule-glonn.de\/index.php?rest_route=\/wp\/v2\/pages\/611"}],"collection":[{"href":"https:\/\/schule-glonn.de\/index.php?rest_route=\/wp\/v2\/pages"}],"about":[{"href":"https:\/\/schule-glonn.de\/index.php?rest_route=\/wp\/v2\/types\/page"}],"author":[{"embeddable":true,"href":"https:\/\/schule-glonn.de\/index.php?rest_route=\/wp\/v2\/users\/2"}],"replies":[{"embeddable":true,"href":"https:\/\/schule-glonn.de\/index.php?rest_route=%2Fwp%2Fv2%2Fcomments&post=611"}],"version-history":[{"count":8,"href":"https:\/\/schule-glonn.de\/index.php?rest_route=\/wp\/v2\/pages\/611\/revisions"}],"predecessor-version":[{"id":1044,"href":"https:\/\/schule-glonn.de\/index.php?rest_route=\/wp\/v2\/pages\/611\/revisions\/1044"}],"up":[{"embeddable":true,"href":"https:\/\/schule-glonn.de\/index.php?rest_route=\/wp\/v2\/pages\/36"}],"wp:attachment":[{"href":"https:\/\/schule-glonn.de\/index.php?rest_route=%2Fwp%2Fv2%2Fmedia&parent=611"}],"curies":[{"name":"wp","href":"https:\/\/api.w.org\/{rel}","templated":true}]}}

Glonn gehört zu den EbersbergerKlimaSchulen

<div align="justify">
<p>Wie kann ich mich klimaschützend verhalten? Das ist das große Thema der Ebersberger Klimaschulen. Auch die <strong>Grund- und Mittelschule Glonn ist eine Klimaschule</strong> und engagiert sich in vielseitigen Projekten für ein klimaschonendes Verhalten in Schule und Unterricht.</p>
<p>Klimaschutz ist für uns alle ein wichtiges und nicht zu vernachlässigendes Thema – die Schüler*innen der Grund- und Mittelschule Glonn haben dies in vielseitigen Projekten in den vergangenen Jahr erfahren und es sind weitere Projekte geplant, um den Weg des klimaschonenden Verhaltens noch zusätzlich zu optimieren – die Auszeichnung ist hierfür eine zusätzliche Motivation!</p>
<p>Judith Mathä</p>
<p>&nbsp;</p>
</div>

<p>Wie kann ich mich klimaschützend verhalten? Das ist das große Thema der Ebersberger Klimaschulen. Auch die Grund- und Mittelschule Glonn ist eine Klimaschule und engagiert sich in vielseitigen Projekten für ein klimaschonendes Verhalten in Schule und Unterricht. Klimaschutz ist für uns alle ein wichtiges und nicht zu vernachlässigendes Thema – die Schüler*innen der Grund- und Mittelschule Glonn haben dies in</p>
